{"id":6,"date":"2015-10-10T15:42:38","date_gmt":"2015-10-10T15:42:38","guid":{"rendered":"http:\/\/localhost\/wordpress\/?page_id=6"},"modified":"2026-03-29T18:54:52","modified_gmt":"2026-03-29T16:54:52","slug":"vaasan-metsaveikot","status":"publish","type":"page","link":"https:\/\/www.vaasanmetsaveikot.fi\/","title":{"rendered":"Partiolippukunta Vaasan Mets\u00e4veikot ry"},"content":{"rendered":"\n<p><\/p>\n\n\n\n<div class=\"wp-block-columns has-2-columns is-layout-flex wp-container-core-columns-is-layout-9d6595d7 wp-block-columns-is-layout-flex\">\n<div class=\"wp-block-column is-layout-flow wp-block-column-is-layout-flow\">\n<p><strong>PARTIOTOIMINTAA JO YLI 100 VUOTTA<\/strong><\/p>\n\n\n\n<p>Partiolippukunta Vaasan Mets\u00e4veikot ry on perustettu 15.3.1917. Lippukuntamme on yksi vanhimmista edelleen toimivista partiopoikalippukunnista. Mets\u00e4veikoille tyypillist\u00e4 on vahva perinteiseen partiopoikatoimintaan nojautuva lippukuntakulttuuri, reipas toiminta ja hyv\u00e4 yhteishenki.<\/p>\n\n\n\n<p>Lippukunnan tarkoitus on toiminnallaan tehd\u00e4 j\u00e4sentens\u00e4 keskuudessa partioty\u00f6t\u00e4 ja sen avulla kehitt\u00e4\u00e4 heid\u00e4n luonnettaan ja kasvattaa heist\u00e4 ruumiiltaan ja sielultaan terveit\u00e4 ihmisi\u00e4 ja kunnon kansalaisia.<\/p>\n\n\n\n<p>Leirit ja kilpailut ovat mets\u00e4veikkojen keskuudessa olleet vuosikymmenien ajan keskeist\u00e4 toimintaa. Toimintaan sis\u00e4ltyy my\u00f6s vaellukset, juhlat, kokoukset ja retkeily. Lippukunta on ollut valtakunnallisen talvileiritoiminnan ja partiotaitokisojen kehitt\u00e4j\u00e4.<\/p>\n\n\n\n<p>Lippukunnalla on hyv\u00e4t edellytykset partiotoimintaan. K\u00e4yt\u00f6ss\u00e4mme on iso retkeilyalue, joka sijaitsee Petsmon ja Kosk\u00f6n kylien alueella Mustasaaressa. Yli kahdenkymmenen hehtaarin alue antaa hyv\u00e4t mahdollisuudet retkien, leirien ja kurssien toteuttamiseen. Alueelle valmistui syksyll\u00e4 2001 maja ja sauna.<\/p>\n\n\n\n<p>Lippukunnalla on my\u00f6s toinen retkeilyalue, Puuviiki nimelt\u00e4\u00e4n. Se on tarkoitettu laavu- ja p\u00e4iv\u00e4retki\u00e4 varten ja se sijaitsee Iskmossa.<\/p>\n\n\n\n<p>Retkeilyalueiden lis\u00e4ksi lippukunnalla on my\u00f6s H- purjevene ja lippukunnan meripartiotoiminta on j\u00e4lleen k\u00e4ynniss\u00e4. Oma kolo Vaasan keskustassa palvelee viikottaista kokoustoimintaa. N\u00e4ist\u00e4 lis\u00e4\u00e4 muualla sivuillamme.<\/p>\n\n\n\n<figure class=\"wp-block-image\"><a href=\"https:\/\/www.vaasanmetsaveikot.fi\/site\/wp-content\/uploads\/2015\/10\/PARTIO_VMV-logo.jpg\"><img loading=\"lazy\" decoding=\"async\" width=\"300\" height=\"189\" src=\"https:\/\/www.vaasanmetsaveikot.fi\/site\/wp-content\/uploads\/2015\/10\/PARTIO_VMV-logo-300x189.jpg\" alt=\"\" class=\"wp-image-982\" srcset=\"https:\/\/www.vaasanmetsaveikot.fi\/site\/wp-content\/uploads\/2015\/10\/PARTIO_VMV-logo-300x189.jpg 300w, https:\/\/www.vaasanmetsaveikot.fi\/site\/wp-content\/uploads\/2015\/10\/PARTIO_VMV-logo.jpg 591w\" sizes=\"auto, (max-width: 300px) 100vw, 300px\" \/><\/a><\/figure>\n\n\n\n<p><strong>INKEHA Inkelinmaan leirialueen kehitt\u00e4mishanke. Mets\u00e4veikkoja tukee:<\/strong><\/p>\n\n\n\n<figure class=\"wp-block-image\"><a href=\"https:\/\/www.vaasanmetsaveikot.fi\/site\/wp-content\/uploads\/2017\/10\/eu_logo.jpg\"><img loading=\"lazy\" decoding=\"async\" width=\"471\" height=\"99\" src=\"https:\/\/www.vaasanmetsaveikot.fi\/site\/wp-content\/uploads\/2017\/10\/eu_logo.jpg\" alt=\"\" class=\"wp-image-1280\" srcset=\"https:\/\/www.vaasanmetsaveikot.fi\/site\/wp-content\/uploads\/2017\/10\/eu_logo.jpg 471w, https:\/\/www.vaasanmetsaveikot.fi\/site\/wp-content\/uploads\/2017\/10\/eu_logo-300x63.jpg 300w\" sizes=\"auto, (max-width: 471px) 100vw, 471px\" \/><\/a><\/figure>\n\n\n\n<p><br><\/p>\n<\/div>\n\n\n\n<div class=\"wp-block-column is-layout-flow wp-block-column-is-layout-flow\">\n<h2 class=\"wp-block-heading\">AJANKOHTAISTA<\/h2>\n\n\n\n<h2 class=\"wp-block-heading\">Talkoot 6.-7.6.2026<\/h2>\n\n\n\n<figure class=\"wp-block-image size-full is-resized\"><a href=\"https:\/\/www.vaasanmetsaveikot.fi\/site\/wp-content\/uploads\/2026\/03\/Talkoo_logo_ilmanvuotta.png\"><img loading=\"lazy\" decoding=\"async\" width=\"356\" height=\"356\" src=\"https:\/\/www.vaasanmetsaveikot.fi\/site\/wp-content\/uploads\/2026\/03\/Talkoo_logo_ilmanvuotta.png\" alt=\"\" class=\"wp-image-5869\" style=\"width:275px;height:auto\" srcset=\"https:\/\/www.vaasanmetsaveikot.fi\/site\/wp-content\/uploads\/2026\/03\/Talkoo_logo_ilmanvuotta.png 356w, https:\/\/www.vaasanmetsaveikot.fi\/site\/wp-content\/uploads\/2026\/03\/Talkoo_logo_ilmanvuotta-300x300.png 300w, https:\/\/www.vaasanmetsaveikot.fi\/site\/wp-content\/uploads\/2026\/03\/Talkoo_logo_ilmanvuotta-150x150.png 150w\" sizes=\"auto, (max-width: 356px) 100vw, 356px\" \/><\/a><\/figure>\n\n\n\n<p>Vaasan mets\u00e4veikkojen perinteiset kes\u00e4talkoot tulevat my\u00f6s t\u00e4n\u00e4 vuonna. Talkoisiin ovat tervetulleet kaikki v\u00e4hint\u00e4\u00e4n 13 vuotiaat veikot.<\/p>\n\n\n\n<p>Ilmoittaudu talkoisiin joko kuksassa osoitteessa:<\/p>\n\n\n\n<p>kuksaan.fi\/88940<br><br>Tai laittamalla viesti\u00e4 Joonas Puskalle numeroon<\/p>\n\n\n\n<p>0509193747<\/p>\n\n\n\n<h2 class=\"wp-block-heading\">VJ KURSSI KES\u00c4 2026<br>Ilmoittautuneita poikia on 3o useasta eri lippukunnasta. Perinne el\u00e4\u00e4&#8230;&#8230;<\/h2>\n\n\n\n<p><\/p>\n\n\n\n<h2 class=\"wp-block-heading\">Mukaan toimintaan!<\/h2>\n\n\n\n<p>Ilmoittaudu mukaan toimintaan ottamalla yhteytt\u00e4 oikeaan ik\u00e4kauteen tai osoitteesssa<br><a href=\"https:\/\/www.partio.fi\/lippukunta\/vaasan-metsaveikot-ry\/\">https:\/\/www.partio.fi\/lippukunta\/vaasan-metsaveikot-ry\/<\/a><\/p>\n\n\n\n<p><\/p>\n\n\n\n<div class=\"wp-block-group\"><div class=\"wp-block-group__inner-container is-layout-constrained wp-block-group-is-layout-constrained\">\n<h2 class=\"wp-block-heading\">Tapahtumakalenteri<\/h2>\n\n\n\n<p><a href=\"https:\/\/www.vaasanmetsaveikot.fi\/index.php\/tapahtumat\/\">Tapahtumat \u2013 Vaasan Mets\u00e4veikot<\/a><\/p>\n\n\n\n<figure class=\"wp-block-image size-large is-resized\"><a href=\"https:\/\/www.vaasanmetsaveikot.fi\/index.php\/tapahtumat\/\"><img loading=\"lazy\" decoding=\"async\" width=\"1024\" height=\"856\" src=\"https:\/\/www.vaasanmetsaveikot.fi\/site\/wp-content\/uploads\/2024\/12\/Calendar-1024x856.png\" alt=\"\" class=\"wp-image-5646\" style=\"width:267px;height:auto\" srcset=\"https:\/\/www.vaasanmetsaveikot.fi\/site\/wp-content\/uploads\/2024\/12\/Calendar-1024x856.png 1024w, https:\/\/www.vaasanmetsaveikot.fi\/site\/wp-content\/uploads\/2024\/12\/Calendar-300x251.png 300w, https:\/\/www.vaasanmetsaveikot.fi\/site\/wp-content\/uploads\/2024\/12\/Calendar-768x642.png 768w, https:\/\/www.vaasanmetsaveikot.fi\/site\/wp-content\/uploads\/2024\/12\/Calendar.png 1027w\" sizes=\"auto, (max-width: 1024px) 100vw, 1024px\" \/><\/a><\/figure>\n\n\n\n<h2 class=\"wp-block-heading\">MUKAAN PARTIOON<\/h2>\n\n\n\n<p>Kaikissa ik\u00e4kausi ryhmiss\u00e4 on tilaa ja mukaan mahtuvat niin aikuiset, kuin nuoret eli v\u00e4hint\u00e4\u00e4n 8 vuotta t\u00e4ytt\u00e4neet pojat.<br><strong>TAMMIKUUSSA 2026 ON HYV\u00c4 AIKA HYP\u00c4T\u00c4 MUKAAN TOIMINTAAN !!<\/strong><\/p>\n\n\n\n<p>Mukaan toimintaan p\u00e4\u00e4see j\u00e4senhakemuksella, jota p\u00e4\u00e4set t\u00e4ytt\u00e4m\u00e4\u00e4n t\u00e4st\u00e4 <a href=\"https:\/\/kuksa.partio.fi\/kotisivut\/jasenyys.aspx?id=9999485\" target=\"_blank\" rel=\"noreferrer noopener\">linkist\u00e4<\/a> <\/p>\n\n\n\n<p>Harrastustamme on my\u00f6s mahdollista tulla koittamaan <a href=\"https:\/\/www.partio.fi\/lippukunnille\/lippukunnan-johtaminen\/kasvu-ja-jasenhankinta\/partiotoimintaan-tutustumisen-periaatteet\/\">SPn <\/a><a href=\"https:\/\/www.partio.fi\/lippukunnille\/lippukunnan-johtaminen\/kasvu-ja-jasenhankinta\/partiotoimintaan-tutustumisen-periaatteet\/\" target=\"_blank\" rel=\"noreferrer noopener\">tutustumis-ohjeiden<\/a><a href=\"https:\/\/www.partio.fi\/lippukunnille\/lippukunnan-johtaminen\/kasvu-ja-jasenhankinta\/partiotoimintaan-tutustumisen-periaatteet\/\"> mukaisesti <\/a>kolme kertaa.<\/p>\n\n\n\n<p>Sudenpentujen eli 8 ja 9 V t\u00e4ytt\u00e4neiden lauma kokoustaa torstaisin klo 18.00-<\/p>\n\n\n\n<p><\/p>\n<\/div><\/div>\n\n\n\n<p>Seikkailijoiden eli 10V t\u00e4ytt\u00e4neiden joukkue kokoustaa tiistaisin 18.30-<\/p>\n\n\n\n<p>Vartiolaiset eli 11V t\u00e4ytt\u00e4neet toimivat useissa eri <strong>vartioissa<\/strong>, joista jokainen kokoustaa viikolla eri aikoihin. Vartioissa on v\u00e4h\u00e4n tilaa ja tiedustelut liittymisist\u00e4 voi ohjata osoitteeseen ppos@vaasanmetsaveikot.fi<\/p>\n\n\n\n<p>Kysymykset ja tiedustelut harrastuskokeilusta voit osoittaa osoitteeseen: vmv@vaasanmetsaveikot.fi<\/p>\n\n\n<div class=\"wp-block-image\">\n<figure class=\"alignleft size-large\"><a href=\"https:\/\/www.vaasanmetsaveikot.fi\/site\/wp-content\/uploads\/2023\/06\/LiityMukaan-1-edited-scaled.jpg\"><img loading=\"lazy\" decoding=\"async\" width=\"1024\" height=\"467\" src=\"https:\/\/www.vaasanmetsaveikot.fi\/site\/wp-content\/uploads\/2023\/06\/LiityMukaan-1-edited-1024x467.jpg\" alt=\"\" class=\"wp-image-5425\" srcset=\"https:\/\/www.vaasanmetsaveikot.fi\/site\/wp-content\/uploads\/2023\/06\/LiityMukaan-1-edited-1024x467.jpg 1024w, https:\/\/www.vaasanmetsaveikot.fi\/site\/wp-content\/uploads\/2023\/06\/LiityMukaan-1-edited-300x137.jpg 300w, https:\/\/www.vaasanmetsaveikot.fi\/site\/wp-content\/uploads\/2023\/06\/LiityMukaan-1-edited-768x350.jpg 768w, https:\/\/www.vaasanmetsaveikot.fi\/site\/wp-content\/uploads\/2023\/06\/LiityMukaan-1-edited-1536x700.jpg 1536w, https:\/\/www.vaasanmetsaveikot.fi\/site\/wp-content\/uploads\/2023\/06\/LiityMukaan-1-edited-2048x934.jpg 2048w\" sizes=\"auto, (max-width: 1024px) 100vw, 1024px\" \/><\/a><\/figure><\/div>\n\n\n<h2 class=\"wp-block-heading\"><\/h2>\n\n\n\n<hr class=\"wp-block-separator has-css-opacity\"\/>\n\n\n\n<p><strong>Jos maksussa ongelmia, niin j\u00e4senrekisterinhoitaja voi auttaa.<br><\/strong>sihteeri@vaasanmetsaveikot.fi<\/p>\n\n\n\n<hr class=\"wp-block-separator has-css-opacity\"\/>\n\n\n\n<h3 class=\"wp-block-heading\"><a href=\"https:\/\/www.vaasanmetsaveikot.fi\/index.php\/internet-of-veikkos\/\">Internet of Veikkos<br><\/a><br><strong><a href=\"https:\/\/www.vaasanmetsaveikot.fi\/index.php\/tiedotteet\/\">Lis\u00e4\u00e4 tiedotteita<\/a>&nbsp;&nbsp;&nbsp;&nbsp;<\/strong><\/h3>\n\n\n\n<h3 class=\"wp-block-heading\"><strong><a href=\"https:\/\/www.vaasanmetsaveikot.fi\/index.php\/tapahtumat\/\">Tapahtumakalenteri<\/a><\/strong><\/h3>\n\n\n\n<hr class=\"wp-block-separator has-css-opacity\"\/>\n\n\n\n<p><strong>Mets\u00e4veikot muualla verkossa<\/strong><\/p>\n\n\n\n<p><a href=\"https:\/\/www.facebook.com\/groups\/vaasanmetsaveikot\">Mets\u00e4veikkojen Facebook ryhm\u00e4<\/a><\/p>\n\n\n\n<p><a href=\"https:\/\/www.instagram.com\/vaasanmetsaveikot\/\">Mets\u00e4veikot Instagramissa<\/a><\/p>\n\n\n\n<hr class=\"wp-block-separator has-css-opacity\"\/>\n\n\n\n<h2 class=\"wp-block-heading\">Etsitk\u00f6 kokoustilaa Vaasan keskustassa?<\/h2>\n\n\n\n<p>Vaasan Mets\u00e4veikot vuokraavat kokoustiloja Vaasan keskutassa erilaisiin tilaisuuksiin. <br><br>Lis\u00e4tietoa sivulta <strong><a href=\"https:\/\/www.vaasanmetsaveikot.fi\/index.php\/vaasan-metsaveikot\/kolo\/\">Kolo<\/a><\/strong><\/p>\n<\/div>\n<\/div>\n","protected":false},"excerpt":{"rendered":"<p>PARTIOTOIMINTAA JO YLI 100 VUOTTA Partiolippukunta Vaasan Mets\u00e4veikot ry on perustettu 15.3.1917. Lippukuntamme on yksi vanhimmista edelleen toimivista partiopoikalippukunnista. Mets\u00e4veikoille tyypillist\u00e4 on vahva perinteiseen partiopoikatoimintaan <a class=\"read-more\" href=\"https:\/\/www.vaasanmetsaveikot.fi\/\"> (Continue Reading)<\/a><\/p>\n","protected":false},"author":21,"featured_media":0,"parent":0,"menu_order":0,"comment_status":"closed","ping_status":"closed","template":"","meta":{"footnotes":""},"class_list":["post-6","page","type-page","status-publish","hentry"],"_links":{"self":[{"href":"https:\/\/www.vaasanmetsaveikot.fi\/index.php\/wp-json\/wp\/v2\/pages\/6","targetHints":{"allow":["GET"]}}],"collection":[{"href":"https:\/\/www.vaasanmetsaveikot.fi\/index.php\/wp-json\/wp\/v2\/pages"}],"about":[{"href":"https:\/\/www.vaasanmetsaveikot.fi\/index.php\/wp-json\/wp\/v2\/types\/page"}],"author":[{"embeddable":true,"href":"https:\/\/www.vaasanmetsaveikot.fi\/index.php\/wp-json\/wp\/v2\/users\/21"}],"replies":[{"embeddable":true,"href":"https:\/\/www.vaasanmetsaveikot.fi\/index.php\/wp-json\/wp\/v2\/comments?post=6"}],"version-history":[{"count":503,"href":"https:\/\/www.vaasanmetsaveikot.fi\/index.php\/wp-json\/wp\/v2\/pages\/6\/revisions"}],"predecessor-version":[{"id":5870,"href":"https:\/\/www.vaasanmetsaveikot.fi\/index.php\/wp-json\/wp\/v2\/pages\/6\/revisions\/5870"}],"wp:attachment":[{"href":"https:\/\/www.vaasanmetsaveikot.fi\/index.php\/wp-json\/wp\/v2\/media?parent=6"}],"curies":[{"name":"wp","href":"https:\/\/api.w.org\/{rel}","templated":true}]}}