{"id":5020,"date":"2022-04-06T09:35:06","date_gmt":"2022-04-06T07:35:06","guid":{"rendered":"https:\/\/www.vaasanmetsaveikot.fi\/?page_id=5020"},"modified":"2026-02-25T22:48:20","modified_gmt":"2026-02-25T20:48:20","slug":"konsulaatit","status":"publish","type":"page","link":"https:\/\/www.vaasanmetsaveikot.fi\/index.php\/konsulaatit\/","title":{"rendered":"Konsulaatit"},"content":{"rendered":"\n<div style=\"height:15px\" aria-hidden=\"true\" class=\"wp-block-spacer\"><\/div>\n\n\n\n<div class=\"wp-block-group\"><div class=\"wp-block-group__inner-container is-layout-flow wp-block-group-is-layout-flow\">\n<div class=\"wp-block-columns is-layout-flex wp-container-core-columns-is-layout-9d6595d7 wp-block-columns-is-layout-flex\">\n<div class=\"wp-block-column is-layout-flow wp-block-column-is-layout-flow\" style=\"flex-basis:100%\">\n<div class=\"wp-block-columns is-layout-flex wp-container-core-columns-is-layout-9d6595d7 wp-block-columns-is-layout-flex\">\n<div class=\"wp-block-column is-layout-flow wp-block-column-is-layout-flow\" style=\"flex-basis:100%\">\n<figure class=\"wp-block-table is-style-regular\"><table><thead><tr><th class=\"has-text-align-left\" data-align=\"left\">Kaupunki<\/th><th class=\"has-text-align-left\" data-align=\"left\">Konsulaatin yhteystiedot<\/th><\/tr><\/thead><tbody><tr><td class=\"has-text-align-left\" data-align=\"left\">Turku<\/td><td class=\"has-text-align-left\" data-align=\"left\">P\u00e4\u00e4konsuli Mikko Sillander, <a href=\"mailto:mikko@sillander.com\">mikko@sillander.com<\/a>, 050&nbsp;482 1579<\/td><\/tr><tr><td class=\"has-text-align-left\" data-align=\"left\">Tampere<\/td><td class=\"has-text-align-left\" data-align=\"left\">P\u00e4\u00e4konsuli Henri Tammi, <a href=\"mailto:henri.tammi@gmail.com\">henri.tammi@gmail.com<\/a>, 050&nbsp;555 4590<\/td><\/tr><tr><td class=\"has-text-align-left\" data-align=\"left\">Helsinki<\/td><td class=\"has-text-align-left\" data-align=\"left\">P\u00e4\u00e4konsuli Atte Martikainen, <a href=\"mailto:atteos@gmail.com\">atteos@gmail.com<\/a>, 050&nbsp;536 4229<\/td><\/tr><tr><td class=\"has-text-align-left\" data-align=\"left\">Oulu<\/td><td class=\"has-text-align-left\" data-align=\"left\">P\u00e4\u00e4konsuli Matti Ala-Hynnil\u00e4 , matti.alahy@gmail.com , <\/td><\/tr><tr><td class=\"has-text-align-left\" data-align=\"left\"><s>Kanariansaaret<\/s><\/td><td class=\"has-text-align-left\" data-align=\"left\">konsulaatti on suljettu toistaiseksi<\/td><\/tr><\/tbody><\/table><\/figure>\n<\/div>\n<\/div>\n<\/div>\n<\/div>\n<\/div><\/div>\n\n\n\n<p><strong>Ajankohtaista<\/strong><\/p>\n\n\n\n<p>25.2.2026  Vaasan Mets\u00e4veikkojen tukiry vuosikokous su 15.3.2026 klo 17.00  TEAMS osallistuminen mahdollista. Tilaa linkki : miikka.rautavirta at gmail.com .  Tarkasta my\u00f6s konsulaatin mahdollinen yhteisosallistuminen paikkakunnallasi.<br><img loading=\"lazy\" decoding=\"async\" width=\"150\" height=\"94\" class=\"wp-image-5850\" style=\"width: 150px;\" src=\"https:\/\/www.vaasanmetsaveikot.fi\/site\/wp-content\/uploads\/2026\/02\/vmvtuki-kokouskutsu2026.jpg\" alt=\"\" srcset=\"https:\/\/www.vaasanmetsaveikot.fi\/site\/wp-content\/uploads\/2026\/02\/vmvtuki-kokouskutsu2026.jpg 1110w, https:\/\/www.vaasanmetsaveikot.fi\/site\/wp-content\/uploads\/2026\/02\/vmvtuki-kokouskutsu2026-300x187.jpg 300w, https:\/\/www.vaasanmetsaveikot.fi\/site\/wp-content\/uploads\/2026\/02\/vmvtuki-kokouskutsu2026-1024x639.jpg 1024w, https:\/\/www.vaasanmetsaveikot.fi\/site\/wp-content\/uploads\/2026\/02\/vmvtuki-kokouskutsu2026-768x479.jpg 768w\" sizes=\"auto, (max-width: 150px) 100vw, 150px\" \/><\/p>\n\n\n\n<p><\/p>\n\n\n\n<p>12.3.2025 Vaasan Mets\u00e4veikkojen tuki ry vuosikokoukseen voi osallistua konsulaateissa yhteis TEAMSI: n kautta. Tarkasta paikallinen tapa alueesi p\u00e4\u00e4konsulilta. <br><img loading=\"lazy\" decoding=\"async\" width=\"150\" height=\"95\" class=\"wp-image-5720\" style=\"width: 150px;\" src=\"https:\/\/www.vaasanmetsaveikot.fi\/site\/wp-content\/uploads\/2025\/03\/tuki-kokouskutsu.jpg\" alt=\"\" srcset=\"https:\/\/www.vaasanmetsaveikot.fi\/site\/wp-content\/uploads\/2025\/03\/tuki-kokouskutsu.jpg 745w, https:\/\/www.vaasanmetsaveikot.fi\/site\/wp-content\/uploads\/2025\/03\/tuki-kokouskutsu-300x189.jpg 300w\" sizes=\"auto, (max-width: 150px) 100vw, 150px\" \/><\/p>\n\n\n\n<p><\/p>\n\n\n\n<p>24.8.2024      Uudet OPISKELIJAT. Ilmoittautukaa alueen p\u00e4\u00e4konsulille!<\/p>\n\n\n\n<p><\/p>\n\n\n\n<p>Helsingin mets\u00e4veikkokonsulaatin p\u00e4\u00e4asiallisina tiedotuskanavina toimii whatsapp-ryhm\u00e4 ja <a href=\"mailto:vmv-helsinki@lista.partio.fi\">vmv-helsinki@lista.partio.fi<\/a> postituslista. Jos haluat listoille mukaan, laita viesti\u00e4 Atelle tai <a href=\"mailto:webmaster@vaasanmetsaveikot.fi\">webmaster@vaasanmetsaveikot.fi<\/a><\/p>\n\n\n\n<p><strong>Turku, Tampere, Helsinki, Oulu , Kanarian saaret ja maailma: konsulaattiverkosto nousee<\/strong><\/p>\n\n\n\n<p>Partiolippukunta ja tukiyhdistys kehitt\u00e4v\u00e4t yhdess\u00e4 partioverkostoaan. Mets\u00e4veikkojen etuja ja hyvinvointia edist\u00e4m\u00e4\u00e4n avataan konsulaatteja merkitt\u00e4viin kaupunkeihin.<\/p>\n\n\n\n<p>Aiemmin k\u00e4yt\u00f6ss\u00e4 ollut et\u00e4veikkotoiminta hioutui ja kehittyi.  Nyt meill\u00e4 on Mets\u00e4veikkojen edustustot ymp\u00e4ri maailman. Konsuleita valitaan eri puolille, jotka pit\u00e4v\u00e4t asemapaikallaan Mets\u00e4veikkohenke\u00e4 yll\u00e4 ja auttavat my\u00f6s pulaan joutuneita Mets\u00e4veikkoja.<\/p>\n\n\n\n<p>Ensimm\u00e4iset konsulit on nimitetty. Helsingin konsulaatia pestiss\u00e4 Atte Martikainen. Tampereen konsulaatin johtoon on nimitetty Henri \u2019Henu\u2019 Tammi, ja Turun konsulaatin p\u00e4\u00e4konsulina toimii Mikko \u2019Silli\u2019 Sillander. Oulussa huivia pit\u00e4\u00e4 salossa Matti Ala-Hynnil\u00e4 ja uusin tilap\u00e4inen konsulaatti on 2024-2025 Kanariansaarilla Rasmus Svahn:n komennossa.<\/p>\n\n\n\n<p>Itsen\u00e4isyysp\u00e4iv\u00e4n aikaan on lippukunnan konsulivastaanotto, jossa konsulit kokoontuvat kololle p\u00e4ivitt\u00e4m\u00e4\u00e4n Mets\u00e4veikkojen tilanteen ja kuulemaan kunkin asemapaikan Mets\u00e4veikkokuulumiset.<\/p>\n\n\n\n<p><strong>Onko el\u00e4m\u00e4 heitt\u00e4nyt Vaasan ulkopuolelle? Toimi n\u00e4in.<\/strong><\/p>\n\n\n\n<p><strong>Turun, Helsingin, Oulun  ja Tampereen alueiden Mets\u00e4veikkoja pyydet\u00e4\u00e4n ilmoittautumaan l\u00e4himp\u00e4\u00e4n konsulaattiinsa.<\/strong> Jos alueellasi ei viel\u00e4 ole konsulaattia, pestist\u00e4 kiinnostuneet voivat ottaa yhteytt\u00e4 lippukunnan johtajistoon tai Mets\u00e4veikkojen tukiyhdistyksen johtokuntaan. Konsuliksi voidaan nimet\u00e4 Mets\u00e4veikko, nuori tai vanha. Kunniakonsuliksi voidaan valita muu henkil\u00f6, jolla on vahva tuki Mets\u00e4veikkotoiminnalle. <strong>Yhteist\u00e4 konsuleille on partiotunnuksen toiminta; Aina Valmiina ja jo vanha partioihanne; auttaa ja palvella.<\/strong><\/p>\n\n\n\n<p>Konsulaatti sijaitsee p\u00e4\u00e4s\u00e4\u00e4nt\u00f6isesti Mets\u00e4veikkorepussa, komeron nurkassa. Tarpeen mukaan konsuli laajentaa toimintaa ja j\u00e4rjest\u00e4\u00e4 Mets\u00e4veikkotapaamisia asemapaikallaan. Mets\u00e4veikkojen vaihtaessa maisemaa, voi ilmoittautua uuden paikkakunnan konsulille ja saada infoa tapahtumista. Tapahtumat pyrit\u00e4\u00e4n julkaisemaan my\u00f6s nettisivuilla.<\/p>\n\n\n\n<p><strong>Mit\u00e4 tapahtuu?<\/strong><\/p>\n\n\n\n<p>Konsuli voi auttaa seudullaan Mets\u00e4veikkoa esim. asunto- , logistiikka-, tai ty\u00f6asioissa tai muussa paikallistuntemusta vaativassa asiassa. Useat Mets\u00e4veikot ovat my\u00f6s nurkanneet samoja taloyhti\u00f6it\u00e4, yhdistetyll\u00e4 \u00e4\u00e4nim\u00e4\u00e4r\u00e4ll\u00e4 asioiden koordinointi on helpompaa. Konsulikyydill\u00e4 onnistuu satunnaisesti erilaiset kuriiripostit Vaasan ja muiden kaupunkien v\u00e4lill\u00e4. Konsulikyydill\u00e4 on matkannut mm. mummo, takka, pukkiasu ja postimerkkikokoelma.<\/p>\n\n\n\n<p><\/p>\n\n\n\n<p><\/p>\n\n\n\n<p><\/p>\n\n\n\n<p><\/p>\n","protected":false},"excerpt":{"rendered":"<p>Kaupunki Konsulaatin yhteystiedot Turku P\u00e4\u00e4konsuli Mikko Sillander, mikko@sillander.com, 050&nbsp;482 1579 Tampere P\u00e4\u00e4konsuli Henri Tammi, henri.tammi@gmail.com, 050&nbsp;555 4590 Helsinki P\u00e4\u00e4konsuli Atte Martikainen, atteos@gmail.com, 050&nbsp;536 4229 Oulu <a class=\"read-more\" href=\"https:\/\/www.vaasanmetsaveikot.fi\/index.php\/konsulaatit\/\"> (Continue Reading)<\/a><\/p>\n","protected":false},"author":1,"featured_media":0,"parent":0,"menu_order":0,"comment_status":"closed","ping_status":"closed","template":"","meta":{"footnotes":""},"class_list":["post-5020","page","type-page","status-publish","hentry"],"_links":{"self":[{"href":"https:\/\/www.vaasanmetsaveikot.fi\/index.php\/wp-json\/wp\/v2\/pages\/5020","targetHints":{"allow":["GET"]}}],"collection":[{"href":"https:\/\/www.vaasanmetsaveikot.fi\/index.php\/wp-json\/wp\/v2\/pages"}],"about":[{"href":"https:\/\/www.vaasanmetsaveikot.fi\/index.php\/wp-json\/wp\/v2\/types\/page"}],"author":[{"embeddable":true,"href":"https:\/\/www.vaasanmetsaveikot.fi\/index.php\/wp-json\/wp\/v2\/users\/1"}],"replies":[{"embeddable":true,"href":"https:\/\/www.vaasanmetsaveikot.fi\/index.php\/wp-json\/wp\/v2\/comments?post=5020"}],"version-history":[{"count":26,"href":"https:\/\/www.vaasanmetsaveikot.fi\/index.php\/wp-json\/wp\/v2\/pages\/5020\/revisions"}],"predecessor-version":[{"id":5855,"href":"https:\/\/www.vaasanmetsaveikot.fi\/index.php\/wp-json\/wp\/v2\/pages\/5020\/revisions\/5855"}],"wp:attachment":[{"href":"https:\/\/www.vaasanmetsaveikot.fi\/index.php\/wp-json\/wp\/v2\/media?parent=5020"}],"curies":[{"name":"wp","href":"https:\/\/api.w.org\/{rel}","templated":true}]}}