{"id":46,"date":"2015-10-25T23:30:45","date_gmt":"2015-10-25T20:30:45","guid":{"rendered":"http:\/\/localhost\/wordpress\/?page_id=46"},"modified":"2026-03-03T18:25:14","modified_gmt":"2026-03-03T16:25:14","slug":"johtajat","status":"publish","type":"page","link":"https:\/\/www.vaasanmetsaveikot.fi\/index.php\/johtajat\/","title":{"rendered":"Johtajat"},"content":{"rendered":"<p>Lippukuntaa johtaa vuosikokouksen valitsema lippukunnanjohtaja yhdess\u00e4 johtajaneuvoston kanssa. Eri teht\u00e4viss\u00e4 heill\u00e4 on apunaan joukko muita johtajia, jotka toimivat osaston johtoteht\u00e4viss\u00e4 tai erilaisten projektien ja tapahtumien vet\u00e4jin\u00e4. Johtajiston teht\u00e4v\u00e4n\u00e4 on valvoa ja vastata siit\u00e4, ett\u00e4 lippukunta toimii s\u00e4\u00e4nt\u00f6jen mukaan ja ett\u00e4 partioaate sek\u00e4 -ihanteet n\u00e4kyv\u00e4t toiminnassa.<\/p>\n<p>Johtajien yhteystiedot l\u00f6ytyv\u00e4t <a title=\"\" href=\"https:\/\/www.vaasanmetsaveikot.fi\/index.php\/yhteystiedot\/\">yhteystiedot<\/a> sivulta.<\/p>\n<p>Vuosikokous 2025 valitsi seuraavan hallituksen eli JOHTAJANEUVOSTON (JN).<\/p>\n\n\n<figure class=\"wp-block-table alignleft\"><table><tbody><tr><td>Joonas Puska<\/td><td>Lippukunnanjohtaja<\/td><\/tr><tr><td>Ossi Saari<\/td><td>Lippukunnanjohtajan apulainen<\/td><\/tr><tr><td>Miikka Rautavirta<\/td><td>Taloudenhoitaja<\/td><\/tr><tr><td>Jarkko St\u00e5hl<\/td><td>Seikkailijaosastonjohtaja<\/td><\/tr><tr><td>Olli Alanko <\/td><td>Sihteeri<\/td><\/tr><tr><td>Pyry Hautam\u00e4ki<\/td><td><\/td><\/tr><tr><td>Viljam M\u00e4enp\u00e4\u00e4<\/td><td>Partiopoikaosastonjohtaja<\/td><\/tr><tr><td>Antti Rajala<\/td><td>Partiopoikaosastonjohtaja<\/td><\/tr><tr><td><\/td><td><\/td><\/tr><tr><td><\/td><td><\/td><\/tr><\/tbody><\/table><\/figure>\n","protected":false},"excerpt":{"rendered":"<p>Lippukuntaa johtaa vuosikokouksen valitsema lippukunnanjohtaja yhdess\u00e4 johtajaneuvoston kanssa. Eri teht\u00e4viss\u00e4 heill\u00e4 on apunaan joukko muita johtajia, jotka toimivat osaston johtoteht\u00e4viss\u00e4 tai erilaisten projektien ja tapahtumien <a class=\"read-more\" href=\"https:\/\/www.vaasanmetsaveikot.fi\/index.php\/johtajat\/\"> (Continue Reading)<\/a><\/p>\n","protected":false},"author":1,"featured_media":0,"parent":0,"menu_order":0,"comment_status":"closed","ping_status":"closed","template":"","meta":{"footnotes":""},"class_list":["post-46","page","type-page","status-publish","hentry"],"_links":{"self":[{"href":"https:\/\/www.vaasanmetsaveikot.fi\/index.php\/wp-json\/wp\/v2\/pages\/46","targetHints":{"allow":["GET"]}}],"collection":[{"href":"https:\/\/www.vaasanmetsaveikot.fi\/index.php\/wp-json\/wp\/v2\/pages"}],"about":[{"href":"https:\/\/www.vaasanmetsaveikot.fi\/index.php\/wp-json\/wp\/v2\/types\/page"}],"author":[{"embeddable":true,"href":"https:\/\/www.vaasanmetsaveikot.fi\/index.php\/wp-json\/wp\/v2\/users\/1"}],"replies":[{"embeddable":true,"href":"https:\/\/www.vaasanmetsaveikot.fi\/index.php\/wp-json\/wp\/v2\/comments?post=46"}],"version-history":[{"count":32,"href":"https:\/\/www.vaasanmetsaveikot.fi\/index.php\/wp-json\/wp\/v2\/pages\/46\/revisions"}],"predecessor-version":[{"id":5857,"href":"https:\/\/www.vaasanmetsaveikot.fi\/index.php\/wp-json\/wp\/v2\/pages\/46\/revisions\/5857"}],"wp:attachment":[{"href":"https:\/\/www.vaasanmetsaveikot.fi\/index.php\/wp-json\/wp\/v2\/media?parent=46"}],"curies":[{"name":"wp","href":"https:\/\/api.w.org\/{rel}","templated":true}]}}