{"id":228,"date":"2015-10-28T18:43:35","date_gmt":"2015-10-28T16:43:35","guid":{"rendered":"http:\/\/www.vaasanmetsaveikot.fi\/?page_id=228"},"modified":"2023-03-23T19:14:43","modified_gmt":"2023-03-23T17:14:43","slug":"varusteet","status":"publish","type":"page","link":"https:\/\/www.vaasanmetsaveikot.fi\/index.php\/varusteet\/","title":{"rendered":"Varusteet"},"content":{"rendered":"<p>T\u00e4lt\u00e4 sivulta l\u00f6yd\u00e4t tietoa lippukunnan merkkisihteerill\u00e4 myyt\u00e4v\u00e4n\u00e4 olevista partiotuotteista, lippukunnan varustelainaamosta, sek\u00e4 alennuksista ja tarjouksista, joita vaasalaiset retkeilytavaraliikkeet my\u00f6nt\u00e4v\u00e4t Mets\u00e4veikkojen j\u00e4senille.<\/p>\n<p class=\"Alaotsikko\">\u00a0<\/p>\n<hr \/>\n<h3><strong>Lippukunnan varustelainaamo &amp; vuokraamo:<\/strong><\/h3>\n<div id=\"attachment_5335\" style=\"width: 403px\" class=\"wp-caption alignnone\"><a href=\"https:\/\/www.vaasanmetsaveikot.fi\/site\/wp-content\/uploads\/2023\/03\/Varustelainaamo.jpg\"><img loading=\"lazy\" decoding=\"async\" aria-describedby=\"caption-attachment-5335\" class=\"wp-image-5335\" src=\"https:\/\/www.vaasanmetsaveikot.fi\/site\/wp-content\/uploads\/2023\/03\/Varustelainaamo-300x157.jpg\" alt=\"\" width=\"393\" height=\"206\" srcset=\"https:\/\/www.vaasanmetsaveikot.fi\/site\/wp-content\/uploads\/2023\/03\/Varustelainaamo-300x157.jpg 300w, https:\/\/www.vaasanmetsaveikot.fi\/site\/wp-content\/uploads\/2023\/03\/Varustelainaamo-1024x537.jpg 1024w, https:\/\/www.vaasanmetsaveikot.fi\/site\/wp-content\/uploads\/2023\/03\/Varustelainaamo-768x402.jpg 768w, https:\/\/www.vaasanmetsaveikot.fi\/site\/wp-content\/uploads\/2023\/03\/Varustelainaamo.jpg 1080w\" sizes=\"auto, (max-width: 393px) 100vw, 393px\" \/><\/a><p id=\"caption-attachment-5335\" class=\"wp-caption-text\"><em>Varustelainaamon uusimmat tuotteet<\/em><\/p><\/div>\n<p>Lippukunta lainaa j\u00e4senilleen varusteita partiotoimintaan, kuten talvimakuupusseja ja rinkkoja.<\/p>\n<p>Lippukunnan varusteita ja kalustoa vuokrataan my\u00f6s partiotoiminnan ulkopuoleiseen k\u00e4ytt\u00f6\u00f6n ja my\u00f6s muille kuin Vaasan Mets\u00e4veikkojen j\u00e4senille. Kalustosta l\u00f6ytyy mm. useampi PJ-teltta , muurinpohjapannu, tohojakkaroita, vaellustelttoja ja muita retkeily- ja leireilykalustoa.\u00a0<\/p>\n<p>Kaikista varusteiden ja kaluston lainaamisesta tai vuokraamisesta sovitaan lippukunnan huolto-osaston johtajan<strong> Ossi Saari<\/strong> kanssa.<br \/>Yhteydenottoa varten l\u00f6yd\u00e4t numeron ja s\u00e4hk\u00f6postin <a title=\"\" href=\"https:\/\/www.vaasanmetsaveikot.fi\/index.php\/yhteystiedot\/\">yhteystiedot<\/a> -sivulta.<\/p>\n<p>Kaikissa asioissa voit olla yhteydess\u00e4 my\u00f6s vmv@vaasanmetsaveikot.fi<\/p>\n<p>\u00a0<\/p>\n<hr \/>\n<h3><strong>Merkkisihteeri<\/strong><\/h3>\n<p>Merkkisihteerin\u00e4 toimii Onni Honkaniemi<br \/>Merkkisihteerin yhteystiedot l\u00f6ytyv\u00e4t <a href=\"https:\/\/www.vaasanmetsaveikot.fi\/index.php\/yhteystiedot\/\">yhteystiedot<\/a>-sivulta.<br \/>Ajat sovittavissa erikseen.<\/p>\n<p class=\"Alaotsikko\"><strong>Merkkisihteerin tuotteet:<\/strong><\/p>\n<table class=\" aligncenter\">\n<tbody>\n<tr>\n<td>Partiopaita.\u00a0 Hinta: 45 \u20ac ilman merkkej\u00e4.<br \/>Napit kuuluvat hintaan, neulottava itse kiinni<\/td>\n<td><a href=\"https:\/\/www.vaasanmetsaveikot.fi\/site\/wp-content\/uploads\/2015\/10\/partiopaita.jpg\"><img loading=\"lazy\" decoding=\"async\" class=\"wp-image-369 size-thumbnail aligncenter\" src=\"https:\/\/www.vaasanmetsaveikot.fi\/site\/wp-content\/uploads\/2015\/10\/partiopaita-150x150.jpg\" alt=\"partiopaita\" width=\"150\" height=\"150\" \/><\/a><\/td>\n<\/tr>\n<tr>\n<td>Mets\u00e4veikko -anorakki Hinta: 54 \u20ac<\/td>\n<td><a href=\"https:\/\/www.vaasanmetsaveikot.fi\/site\/wp-content\/uploads\/2015\/10\/huppari.jpg\"><img loading=\"lazy\" decoding=\"async\" class=\"wp-image-368 size-thumbnail aligncenter\" src=\"https:\/\/www.vaasanmetsaveikot.fi\/site\/wp-content\/uploads\/2015\/10\/huppari-150x150.jpg\" alt=\"\" width=\"150\" height=\"150\" \/><\/a><\/td>\n<\/tr>\n<tr>\n<td>Partioasuun kuuluvat polvihousut. Hinta: 25 \u20ac<\/td>\n<td><a href=\"https:\/\/www.vaasanmetsaveikot.fi\/site\/wp-content\/uploads\/2015\/10\/housut.jpg\"><img loading=\"lazy\" decoding=\"async\" class=\"wp-image-367 size-thumbnail aligncenter\" src=\"https:\/\/www.vaasanmetsaveikot.fi\/site\/wp-content\/uploads\/2015\/10\/housut-150x150.jpg\" alt=\"\" width=\"150\" height=\"150\" \/><\/a><\/td>\n<\/tr>\n<tr>\n<td>Sudenpentupaita Hinta: 20 \u20ac<\/td>\n<td><a href=\"https:\/\/www.vaasanmetsaveikot.fi\/site\/wp-content\/uploads\/2015\/10\/supepaita.jpg\"><img loading=\"lazy\" decoding=\"async\" class=\"wp-image-366 size-thumbnail aligncenter\" src=\"https:\/\/www.vaasanmetsaveikot.fi\/site\/wp-content\/uploads\/2015\/10\/supepaita-150x150.jpg\" alt=\"\" width=\"150\" height=\"150\" \/><\/a><\/td>\n<\/tr>\n<tr>\n<td>Mets\u00e4veikkojen paritiohuivi Hinta: 18 \u20ac<\/td>\n<td><a href=\"https:\/\/www.vaasanmetsaveikot.fi\/site\/wp-content\/uploads\/2015\/10\/huivi_kiinni.jpg\"><img loading=\"lazy\" decoding=\"async\" class=\"alignnone wp-image-364 size-thumbnail\" src=\"https:\/\/www.vaasanmetsaveikot.fi\/site\/wp-content\/uploads\/2015\/10\/huivi_kiinni-150x150.jpg\" alt=\"\" width=\"150\" height=\"150\" \/><\/a><\/td>\n<\/tr>\n<tr>\n<td>Partioasuun kuuluva v\u00e4iski -p\u00e4\u00e4hine. Hinta: 8 \u20ac<br \/>Useita kokoja tarjolla<\/td>\n<td><a href=\"https:\/\/www.vaasanmetsaveikot.fi\/site\/wp-content\/uploads\/2015\/10\/v\u00e4iski.jpg\"><img loading=\"lazy\" decoding=\"async\" class=\"alignnone wp-image-363 size-thumbnail\" src=\"https:\/\/www.vaasanmetsaveikot.fi\/site\/wp-content\/uploads\/2015\/10\/v\u00e4iski-150x150.jpg\" alt=\"\" width=\"150\" height=\"150\" \/><\/a><\/td>\n<\/tr>\n<tr>\n<td>\n<p>VMV-merkki 2\u20ac<\/p>\n<\/td>\n<td><a href=\"https:\/\/www.vaasanmetsaveikot.fi\/site\/wp-content\/uploads\/2020\/11\/hyva-2-1.jpg\"><img loading=\"lazy\" decoding=\"async\" class=\"alignnone  wp-image-3969\" src=\"https:\/\/www.vaasanmetsaveikot.fi\/site\/wp-content\/uploads\/2020\/11\/hyva-2-1-282x300.jpg\" alt=\"\" width=\"151\" height=\"161\" srcset=\"https:\/\/www.vaasanmetsaveikot.fi\/site\/wp-content\/uploads\/2020\/11\/hyva-2-1-282x300.jpg 282w, https:\/\/www.vaasanmetsaveikot.fi\/site\/wp-content\/uploads\/2020\/11\/hyva-2-1-962x1024.jpg 962w, https:\/\/www.vaasanmetsaveikot.fi\/site\/wp-content\/uploads\/2020\/11\/hyva-2-1-768x818.jpg 768w, https:\/\/www.vaasanmetsaveikot.fi\/site\/wp-content\/uploads\/2020\/11\/hyva-2-1.jpg 1171w\" sizes=\"auto, (max-width: 151px) 100vw, 151px\" \/><\/a><\/td>\n<\/tr>\n<tr>\n<td>\n<p>VMV Fanihuivi 15\u20ac\u00a0<\/p>\n<\/td>\n<td>(kuva ei saatavilla)<\/td>\n<\/tr>\n<\/tbody>\n<\/table>\n<hr \/>\n<p><strong>Yhteisty\u00f6 retkitarvikeliikkeiden kanssa<\/strong><\/p>\n<p><strong> <a href=\"http:\/\/www.varuste.net\/\" target=\"_blank\" rel=\"noopener noreferrer\">VARUSTE.NET \u00a0&#8211; tutustu nettikauppaan<\/a><\/strong><\/p>\n<p>Lippukunta on aloittanut yhteisty\u00f6n verkkokauppa varuste.netin kanssa. Mets\u00e4veikot saavat halutessaan VIP-tunnukset kyseiseen kauppaan. VIP-tunnuksilla ostaessa saat alennuksia ostoista ja tarjouksia s\u00e4hk\u00f6postitse. Tunnusten saamiseksi l\u00e4het\u00e4 pyynt\u00f6 Terolle s\u00e4hk\u00f6postilla : <a href=\"mailto:ppos@vaasanmetsaveikot.fi\">ppos@vaasanmetsaveikot.fi<\/a>.<\/p>\n<p><strong> <u> <a href=\"http:\/\/www.kurre.fi\/\" target=\"_blank\" rel=\"noopener noreferrer\">KURRE , Vaasa<\/a> <\/u> <\/strong><\/p>\n<p>Lippukunta tekee yhteisty\u00f6t\u00e4\u00a0Vaasan kivihaassa sijaitsevan er\u00e4tarvikeliike\u00a0<a title=\"\" href=\"http:\/\/www.kurre.fi\/\" target=\"_self\" rel=\"noopener noreferrer\">Kurren<\/a> kanssa. Kurren\u00a0Mets\u00e4veikkojen j\u00e4senille\u00a0tarjoamista kampanjoista, alennuksista ja eduista tiedotetaan t\u00e4ll\u00e4 sivulla.Muista n\u00e4ytt\u00e4\u00e4 j\u00e4senkorttisi k\u00e4ydess\u00e4si ostoksilla.<\/p>\n<p class=\"Alaotsikko\"><strong>Ohjeelliset kuvat merkkien sijoittelusta:<br \/><a href=\"https:\/\/www.vaasanmetsaveikot.fi\/site\/wp-content\/uploads\/2015\/10\/uusi-hiha-e1489943239585.jpg\"><img loading=\"lazy\" decoding=\"async\" class=\"alignnone size-medium wp-image-1042\" src=\"https:\/\/www.vaasanmetsaveikot.fi\/site\/wp-content\/uploads\/2015\/10\/uusi-hiha-e1489943239585-169x300.jpg\" alt=\"\" width=\"169\" height=\"300\" srcset=\"https:\/\/www.vaasanmetsaveikot.fi\/site\/wp-content\/uploads\/2015\/10\/uusi-hiha-e1489943239585-169x300.jpg 169w, https:\/\/www.vaasanmetsaveikot.fi\/site\/wp-content\/uploads\/2015\/10\/uusi-hiha-e1489943239585-768x1367.jpg 768w, https:\/\/www.vaasanmetsaveikot.fi\/site\/wp-content\/uploads\/2015\/10\/uusi-hiha-e1489943239585-575x1024.jpg 575w, https:\/\/www.vaasanmetsaveikot.fi\/site\/wp-content\/uploads\/2015\/10\/uusi-hiha-e1489943239585.jpg 1456w\" sizes=\"auto, (max-width: 169px) 100vw, 169px\" \/><\/a><\/strong><\/p>\n<p><a href=\"https:\/\/www.vaasanmetsaveikot.fi\/site\/wp-content\/uploads\/2015\/11\/paita1.jpg\"><img loading=\"lazy\" decoding=\"async\" class=\"size-full wp-image-318 alignleft\" src=\"https:\/\/www.vaasanmetsaveikot.fi\/site\/wp-content\/uploads\/2015\/11\/paita1.jpg\" alt=\"paita1\" width=\"275\" height=\"490\" srcset=\"https:\/\/www.vaasanmetsaveikot.fi\/site\/wp-content\/uploads\/2015\/11\/paita1.jpg 275w, https:\/\/www.vaasanmetsaveikot.fi\/site\/wp-content\/uploads\/2015\/11\/paita1-168x300.jpg 168w\" sizes=\"auto, (max-width: 275px) 100vw, 275px\" \/><\/a><a href=\"https:\/\/www.vaasanmetsaveikot.fi\/site\/wp-content\/uploads\/2015\/11\/paita2.jpg\"><img loading=\"lazy\" decoding=\"async\" class=\"size-full wp-image-319 alignleft\" src=\"https:\/\/www.vaasanmetsaveikot.fi\/site\/wp-content\/uploads\/2015\/11\/paita2.jpg\" alt=\"paita2\" width=\"416\" height=\"366\" srcset=\"https:\/\/www.vaasanmetsaveikot.fi\/site\/wp-content\/uploads\/2015\/11\/paita2.jpg 416w, https:\/\/www.vaasanmetsaveikot.fi\/site\/wp-content\/uploads\/2015\/11\/paita2-300x264.jpg 300w\" sizes=\"auto, (max-width: 416px) 100vw, 416px\" \/><\/a><\/p>\n\n\n<p><\/p>\n","protected":false},"excerpt":{"rendered":"<p>T\u00e4lt\u00e4 sivulta l\u00f6yd\u00e4t tietoa lippukunnan merkkisihteerill\u00e4 myyt\u00e4v\u00e4n\u00e4 olevista partiotuotteista, lippukunnan varustelainaamosta, sek\u00e4 alennuksista ja tarjouksista, joita vaasalaiset retkeilytavaraliikkeet my\u00f6nt\u00e4v\u00e4t Mets\u00e4veikkojen j\u00e4senille. \u00a0 Lippukunnan varustelainaamo &amp; <a class=\"read-more\" href=\"https:\/\/www.vaasanmetsaveikot.fi\/index.php\/varusteet\/\"> (Continue Reading)<\/a><\/p>\n","protected":false},"author":1,"featured_media":0,"parent":0,"menu_order":0,"comment_status":"closed","ping_status":"closed","template":"","meta":{"footnotes":""},"class_list":["post-228","page","type-page","status-publish","hentry"],"_links":{"self":[{"href":"https:\/\/www.vaasanmetsaveikot.fi\/index.php\/wp-json\/wp\/v2\/pages\/228","targetHints":{"allow":["GET"]}}],"collection":[{"href":"https:\/\/www.vaasanmetsaveikot.fi\/index.php\/wp-json\/wp\/v2\/pages"}],"about":[{"href":"https:\/\/www.vaasanmetsaveikot.fi\/index.php\/wp-json\/wp\/v2\/types\/page"}],"author":[{"embeddable":true,"href":"https:\/\/www.vaasanmetsaveikot.fi\/index.php\/wp-json\/wp\/v2\/users\/1"}],"replies":[{"embeddable":true,"href":"https:\/\/www.vaasanmetsaveikot.fi\/index.php\/wp-json\/wp\/v2\/comments?post=228"}],"version-history":[{"count":25,"href":"https:\/\/www.vaasanmetsaveikot.fi\/index.php\/wp-json\/wp\/v2\/pages\/228\/revisions"}],"predecessor-version":[{"id":5340,"href":"https:\/\/www.vaasanmetsaveikot.fi\/index.php\/wp-json\/wp\/v2\/pages\/228\/revisions\/5340"}],"wp:attachment":[{"href":"https:\/\/www.vaasanmetsaveikot.fi\/index.php\/wp-json\/wp\/v2\/media?parent=228"}],"curies":[{"name":"wp","href":"https:\/\/api.w.org\/{rel}","templated":true}]}}