{"id":195,"date":"2015-10-28T08:22:54","date_gmt":"2015-10-28T06:22:54","guid":{"rendered":"http:\/\/www.vaasanmetsaveikot.fi\/?page_id=195"},"modified":"2021-05-25T21:57:04","modified_gmt":"2021-05-25T19:57:04","slug":"kilpailutoiminta","status":"publish","type":"page","link":"https:\/\/www.vaasanmetsaveikot.fi\/index.php\/kilpailutoiminta\/","title":{"rendered":"Kilpailutoiminta"},"content":{"rendered":"<p><a href=\"https:\/\/www.vaasanmetsaveikot.fi\/site\/wp-content\/uploads\/2015\/10\/kilpailutoiminta.jpg\"><img loading=\"lazy\" decoding=\"async\" class=\"size-full wp-image-210 alignright\" src=\"https:\/\/www.vaasanmetsaveikot.fi\/site\/wp-content\/uploads\/2015\/10\/kilpailutoiminta.jpg\" alt=\"kilpailutoiminta\" width=\"266\" height=\"400\" srcset=\"https:\/\/www.vaasanmetsaveikot.fi\/site\/wp-content\/uploads\/2015\/10\/kilpailutoiminta.jpg 266w, https:\/\/www.vaasanmetsaveikot.fi\/site\/wp-content\/uploads\/2015\/10\/kilpailutoiminta-200x300.jpg 200w\" sizes=\"auto, (max-width: 266px) 100vw, 266px\" \/><\/a>Partiotaitokilpailut ovat partio-ohjelmaan perustuvia, maastossa tapahtuvia vartiokilpailuja, joissa kilpaillaan niin lippukunta-, piiri-, kuin valtakunnallisellakin tasolla. Ne kuuluvat olennaisena osana partiotoimintaan ja Mets\u00e4veikoilla onkin pitk\u00e4t perinteet niin kilpailuihin osallistumisessa, kuin niiden kehitt\u00e4misess\u00e4kin. Itseasiassa Suomen Partiopoikaj\u00e4rjest\u00f6 otti 1946 ohjelmaansa partiotaitomestaruus-kilpailut mets\u00e4veikkojen Bruno &#8221;Pappa&#8221; Ollila ja Armas &#8221;Luonnos&#8221; L\u00e4hteenkorva aloitteesta. Mets\u00e4veikoissa kilpailuja oli j\u00e4rjestetty jo 1930-luvun alkupuolelta l\u00e4htien.<\/p>\n<p>Nykyp\u00e4iv\u00e4n kilpailut ovat kestoltaan p\u00e4iv\u00e4- tai y\u00f6kisoja siten, ett\u00e4 kaikkein nuorimmat kilpailevat p\u00e4iv\u00e4sarjoissa ja yli 14-vuotiaat y\u00f6sarjoissa. Joukkueiden koot vaihtelevat kolmesta viiteen j\u00e4seneen sarjasta riippuen.<\/p>\n<p>Piiri- ja valtakunnallisella tasolla kilpailuja j\u00e4rjestet\u00e4\u00e4n syksyisin, talvisin ja kev\u00e4isin. Talvikisoissa kilpailevat kaikki sarjat, syyskisoissa ainoastaan y\u00f6sarjat ja kev\u00e4tkisoissa vain nuorimpien p\u00e4iv\u00e4sarjat.<\/p>\n<p>T\u00e4ll\u00e4 hetkell\u00e4 Mets\u00e4veikoissa toimii muutamia s\u00e4\u00e4nn\u00f6llisesti kilpailevia kilpailuvartiota: Kisaveikot ja Toimenpojat on n\u00e4hty viime vuosina melko useasti niin piirin, kuin SM -tasonkin kilpailujen harmaassa sarjassa. Punaisessa sarjassa on viime vuosina Mets\u00e4veikoille mainetta tuonut erityisesti Fiasko -niminen kilpailuvartio. My\u00f6s 90 -luvulla mainetta ker\u00e4nnyt vanhempi kisavartio, legendaarinen Sauma, on viime vuosinakin n\u00e4hty kisaamassa. Erilaisilla vaihtelevilla kokoonpanoilla on erityisesti piirin kilpailuihin osallistunut toki muitakin vartioita. Uusia mets\u00e4veikko vartioita kaivattaisiin kuitenkin kilpailuihin. Lis\u00e4\u00e4 tietoa Mets\u00e4veikkojen kilpailutoiminnasta ja erityisesti Kisaveikoista l\u00f6yd\u00e4t Kisaveikkojen omalta sivulta.<\/p>\n<p>Lis\u00e4\u00e4 tietoa partiotaitokilpailuista yleisesti l\u00f6yd\u00e4t Suomen Partiolaisten kilpailutoiminta sivustolta, joka sis\u00e4lt\u00e4\u00e4 mm. linkkej\u00e4 SM-tason partiotaitokisojen sivuille, vinkkej\u00e4 kilpailujen j\u00e4rjest\u00e4miseen, sek\u00e4 partiotaitokilpailujen t\u00e4ydelliset s\u00e4\u00e4nn\u00f6t.<\/p>\n<p>Tulevia kisoja voi tarkistaa piirin sivuilta: <a href=\"https:\/\/pohjanmaa.partio.fi\/tapahtumakalenteri\/?s_organizer=pohjanmaan-partiolaiset-ry\">tapahtumakalenteri<\/a><\/p>\n<hr \/>\n<p><strong>Muut kisailut<\/strong><\/p>\n<p>07.08.2021 Scout Triathlon Competition &#8211; Vaasa (TH-Team\/kisajaos) uinti, fillarointi, juoksu<\/p>\n<p><strong>Menneet kisat:<\/strong><\/p>\n<p>TYRNI 8.-9.9.2018<\/p>\n<p>PT-syyskisat &#8221;Sen pituinen se&#8221; Oulussa 9.-10.9.2017<\/p>\n<p>SM Pt-syyskisat &#8221;EL\u00c4MYS2017&#8221; Yll\u00e4ksell\u00e4 7-8.10.2017<\/p>\n<p>06.08.2016 Scout Triathlon Competition &#8211; Vaasa (TH-Team\/kisajaos) uinti, fillarointi, juoksu<\/p>\n<p>20-21.02.2016 ARKTIS, Oulu. Kaikki sarjat. Piiri j\u00e4rjest\u00e4\u00e4.<\/p>\n<p>16.04.2015, Kreivin aikaan, Oulu. Samoajat\/Tarpojat, KEv\u00e4t PT-kisat. Piiri j\u00e4rjest\u00e4\u00e4.<\/p>\n<p>21.05.2016 Repliikki, Riihim\u00e4ki. Kev\u00e4t SM-PT-kisat.<\/p>\n<p>28-29.5.2016 Leon lenkki ja Hilkan kilpa 2016, Valkeakoski. Kuuleman mukaan my\u00f6s KISAVEIKOT ovat tulossa?<\/p>\n<p>08-09.10.2016 Juntu 2016 Syys SM-PT-kisat. Lapua. Pohjanmaan Partiolaiset j\u00e4rjest\u00e4\u00e4 (me siis p\u00e4\u00e4semme tekem\u00e4\u00e4n kisoja!)<\/p>\n<hr \/>\n<p class=\"Teksti\"><strong>Mets\u00e4veikkojen legendaarisia kisavartioita:<\/strong><\/p>\n<p class=\"Teksti\"><a href=\"https:\/\/www.vaasanmetsaveikot.fi\/index.php\/sauma\/\">Sauma<\/a><\/p>\n<p class=\"Teksti\"><a href=\"https:\/\/www.vaasanmetsaveikot.fi\/index.php\/team-fendari\/\">Team Fendari<\/a><\/p>\n<p class=\"Teksti\"><a href=\"https:\/\/www.vaasanmetsaveikot.fi\/index.php\/kisaveikot-2\/\">Kisaveikot<\/a><\/p>\n<p class=\"Teksti\">Toimenpojat<\/p>\n<p class=\"Teksti\">J\u00e4\u00e4r\u00e4<\/p>\n","protected":false},"excerpt":{"rendered":"<p>Partiotaitokilpailut ovat partio-ohjelmaan perustuvia, maastossa tapahtuvia vartiokilpailuja, joissa kilpaillaan niin lippukunta-, piiri-, kuin valtakunnallisellakin tasolla. Ne kuuluvat olennaisena osana partiotoimintaan ja Mets\u00e4veikoilla onkin pitk\u00e4t perinteet <a class=\"read-more\" href=\"https:\/\/www.vaasanmetsaveikot.fi\/index.php\/kilpailutoiminta\/\"> (Continue Reading)<\/a><\/p>\n","protected":false},"author":1,"featured_media":0,"parent":0,"menu_order":0,"comment_status":"closed","ping_status":"closed","template":"","meta":{"footnotes":""},"class_list":["post-195","page","type-page","status-publish","hentry"],"_links":{"self":[{"href":"https:\/\/www.vaasanmetsaveikot.fi\/index.php\/wp-json\/wp\/v2\/pages\/195","targetHints":{"allow":["GET"]}}],"collection":[{"href":"https:\/\/www.vaasanmetsaveikot.fi\/index.php\/wp-json\/wp\/v2\/pages"}],"about":[{"href":"https:\/\/www.vaasanmetsaveikot.fi\/index.php\/wp-json\/wp\/v2\/types\/page"}],"author":[{"embeddable":true,"href":"https:\/\/www.vaasanmetsaveikot.fi\/index.php\/wp-json\/wp\/v2\/users\/1"}],"replies":[{"embeddable":true,"href":"https:\/\/www.vaasanmetsaveikot.fi\/index.php\/wp-json\/wp\/v2\/comments?post=195"}],"version-history":[{"count":14,"href":"https:\/\/www.vaasanmetsaveikot.fi\/index.php\/wp-json\/wp\/v2\/pages\/195\/revisions"}],"predecessor-version":[{"id":4190,"href":"https:\/\/www.vaasanmetsaveikot.fi\/index.php\/wp-json\/wp\/v2\/pages\/195\/revisions\/4190"}],"wp:attachment":[{"href":"https:\/\/www.vaasanmetsaveikot.fi\/index.php\/wp-json\/wp\/v2\/media?parent=195"}],"curies":[{"name":"wp","href":"https:\/\/api.w.org\/{rel}","templated":true}]}}