{"id":193,"date":"2015-10-28T08:21:12","date_gmt":"2015-10-28T06:21:12","guid":{"rendered":"http:\/\/www.vaasanmetsaveikot.fi\/?page_id=193"},"modified":"2022-05-17T09:13:02","modified_gmt":"2022-05-17T07:13:02","slug":"meripartiotoiminta","status":"publish","type":"page","link":"https:\/\/www.vaasanmetsaveikot.fi\/index.php\/meripartiotoiminta\/","title":{"rendered":"Meripartiotoiminta"},"content":{"rendered":"<p><strong>Meripartiotoiminta on tarkoitettu kaikille yli 13-vuotialle Mets\u00e4veikoille. Miehist\u00f6kursseja j\u00e4rjestet\u00e4\u00e4n kev\u00e4isin.<\/strong><\/p>\n<p><strong>Historia<\/strong><\/p>\n<div style=\"width: 58%; padding: 0 0pt 0 0; float: left;\">Pitk\u00e4\u00e4n tauolla ollut meripartiotoiminta aloitettiin uudelleen kes\u00e4ll\u00e4 2002 yhteisty\u00f6ss\u00e4 perinnealusyhdistys Skutanin kanssa. Talven 2002\/2003 aikana meripartiotoimintaa\u00a0syvennettiin k\u00e4ym\u00e4ll\u00e4 kololla l\u00e4pi miehist\u00f6koulutuksen teoriaa, kuten navigoinnin harjoittelua. Kev\u00e4\u00e4ll\u00e4 2003 lippukunnalle p\u00e4\u00e4tettiin hankkia oma alus, joka sai nimekseen perinteiden mukaisesti Pohjantuuli. Aluksen hankkimisen mahdollisti Nissin s\u00e4\u00e4ti\u00f6lt\u00e4 saatu avustus ja\u00a0tarkempia tietoja lippukunnan h-veneest\u00e4 l\u00f6yd\u00e4t <a title=\"\" href=\"https:\/\/www.vaasanmetsaveikot.fi\/index.php\/pohjantuuli\/\">Pohjantuulen omalta sivulta<\/a>Pohjantuuli oli ensikerran lippukunnan j\u00e4senten k\u00e4ytett\u00e4viss\u00e4 Kes\u00e4juttu -03 -kes\u00e4leirill\u00e4. T\u00e4m\u00e4n j\u00e4lkeen meripartiotoiminta on jatkunut eritt\u00e4in aktiivisena\u00a0mm. meripartio-osaston harjoitus- ja matkapurjehdusten muodossa. Vene on ollut mukana my\u00f6s monissa lippukunnan tapahtumissa.<\/p>\n<p>Talvisin meripartio-osasto kokoontuu viikoittain kololle harjoittelemaan merenkulun teoriaa.<\/p>\n<p>Meripartiotoiminnasta kiinnostuneille j\u00e4rjestet\u00e4\u00e4n kev\u00e4isin miehist\u00f6kurssi, jonka avulla toimintaan on helppo tulla mukaan. Kurssilla k\u00e4yd\u00e4\u00e4n l\u00e4pi ne tiedot ja taidot, joita veneen miehist\u00f6lt\u00e4 vaaditaan.\u00a0Kaikki yli 13-vuotiaat Mets\u00e4veikot ovat tervetulleita mukaan osaston toimintaan. Kiinnostuneet voivat olla my\u00f6s yhteydess\u00e4 suoraa meripartiosaston johtajiin.<\/p>\n<\/div>\n<div style=\"width: 40%; padding: 0 0pt 0 0; float: right;\"><a href=\"https:\/\/www.vaasanmetsaveikot.fi\/site\/wp-content\/uploads\/2015\/10\/mepa.jpg\"><img loading=\"lazy\" decoding=\"async\" class=\"alignleft wp-image-205 \" src=\"https:\/\/www.vaasanmetsaveikot.fi\/site\/wp-content\/uploads\/2015\/10\/mepa.jpg\" alt=\"mepa\" width=\"332\" height=\"202\" \/><\/a><\/p>\n<h2>Ajankohtaista<\/h2>\n<\/div>\n","protected":false},"excerpt":{"rendered":"<p>Meripartiotoiminta on tarkoitettu kaikille yli 13-vuotialle Mets\u00e4veikoille. Miehist\u00f6kursseja j\u00e4rjestet\u00e4\u00e4n kev\u00e4isin. Historia Pitk\u00e4\u00e4n tauolla ollut meripartiotoiminta aloitettiin uudelleen kes\u00e4ll\u00e4 2002 yhteisty\u00f6ss\u00e4 perinnealusyhdistys Skutanin kanssa. Talven 2002\/2003 <a class=\"read-more\" href=\"https:\/\/www.vaasanmetsaveikot.fi\/index.php\/meripartiotoiminta\/\"> (Continue Reading)<\/a><\/p>\n","protected":false},"author":1,"featured_media":0,"parent":0,"menu_order":0,"comment_status":"closed","ping_status":"closed","template":"","meta":{"footnotes":""},"class_list":["post-193","page","type-page","status-publish","hentry"],"_links":{"self":[{"href":"https:\/\/www.vaasanmetsaveikot.fi\/index.php\/wp-json\/wp\/v2\/pages\/193","targetHints":{"allow":["GET"]}}],"collection":[{"href":"https:\/\/www.vaasanmetsaveikot.fi\/index.php\/wp-json\/wp\/v2\/pages"}],"about":[{"href":"https:\/\/www.vaasanmetsaveikot.fi\/index.php\/wp-json\/wp\/v2\/types\/page"}],"author":[{"embeddable":true,"href":"https:\/\/www.vaasanmetsaveikot.fi\/index.php\/wp-json\/wp\/v2\/users\/1"}],"replies":[{"embeddable":true,"href":"https:\/\/www.vaasanmetsaveikot.fi\/index.php\/wp-json\/wp\/v2\/comments?post=193"}],"version-history":[{"count":11,"href":"https:\/\/www.vaasanmetsaveikot.fi\/index.php\/wp-json\/wp\/v2\/pages\/193\/revisions"}],"predecessor-version":[{"id":5150,"href":"https:\/\/www.vaasanmetsaveikot.fi\/index.php\/wp-json\/wp\/v2\/pages\/193\/revisions\/5150"}],"wp:attachment":[{"href":"https:\/\/www.vaasanmetsaveikot.fi\/index.php\/wp-json\/wp\/v2\/media?parent=193"}],"curies":[{"name":"wp","href":"https:\/\/api.w.org\/{rel}","templated":true}]}}