{"id":159,"date":"2015-10-27T13:33:22","date_gmt":"2015-10-27T11:33:22","guid":{"rendered":"http:\/\/www.vaasanmetsaveikot.fi\/?page_id=159"},"modified":"2024-12-11T19:10:46","modified_gmt":"2024-12-11T17:10:46","slug":"metsaveikkosanomat","status":"publish","type":"page","link":"https:\/\/www.vaasanmetsaveikot.fi\/index.php\/metsaveikkosanomat\/","title":{"rendered":"Mets\u00e4veikkosanomat"},"content":{"rendered":"<p>Mets\u00e4veikkosanomat on lippukunnan j\u00e4senlehti, joka ilmestyy 4 kertaa vuodessa.<\/p>\n<p>Sanomien p\u00e4\u00e4toimittajana toimii Tero \"TeHa\" Hannuksela ja taittajana Henri Tammi.<\/p>\n<p>Sanomien juttuja kirjoittavat lippukunnan j\u00e4senet. <br \/>Juttuja lehteen voi toimittaa osoitteeseen: vmvsanomat@vaasanmetsaveikot.fi<\/p>\n<p>Muista p\u00e4ivitt\u00e4\u00e4 yhteystietosi kuksassa niin sanomat saavuttavat sinut!<\/p>\n<p>Tuen j\u00e4senet! Osoitemuutokset on hoidettava itse ilmoittamalla Tuen j\u00e4senasioista vastaavalle:<br \/>Mikko Sillander mikko(a)sillander.com<\/p>\n<hr>\n<p>Mets\u00e4veikkojen sanoma-arkistoon p\u00e4\u00e4set t\u00e4st\u00e4 linkist\u00e4 :&nbsp;<a href=\"https:\/\/www.vaasanmetsaveikot.fi\/index.php\/metsaveikkosanomien-arkisto\/\" target=\"_blank\" rel=\"noopener\"><span style=\"text-decoration: underline;\">sanoma-arkisto<\/span><\/a><br \/><em>Salasana arkistoon saatavilla l\u00e4himm\u00e4lt\u00e4 johtajaltasi<\/em><\/p>\n<hr>\n<h1>Viimeisimm\u00e4t sanomat<\/h1>\n\n\n<div class=\"wp-block-group\"><div class=\"wp-block-group__inner-container is-layout-flow wp-block-group-is-layout-flow\">\n<figure class=\"wp-block-image size-full\"><a href=\"https:\/\/drive.google.com\/file\/d\/1_Qiuuqv843ml6Zfxz2lFyVdLM0ic87rp\/view?usp=drive_link\" target=\"_blank\" rel=\"noopener\"><img loading=\"lazy\" decoding=\"async\" width=\"652\" height=\"919\" src=\"https:\/\/www.vaasanmetsaveikot.fi\/site\/wp-content\/uploads\/2024\/12\/2024_3.png\" alt=\"\" class=\"wp-image-5671\" srcset=\"https:\/\/www.vaasanmetsaveikot.fi\/site\/wp-content\/uploads\/2024\/12\/2024_3.png 652w, https:\/\/www.vaasanmetsaveikot.fi\/site\/wp-content\/uploads\/2024\/12\/2024_3-213x300.png 213w\" sizes=\"auto, (max-width: 652px) 100vw, 652px\" \/><\/a><\/figure>\n\n\n\n<p><em>Sanomat aukeavat luettavaksi painamalla sanoman kuvaa<\/em><\/p>\n\n\n\n<h1 class=\"wp-block-heading\" id=\"vms2021\">2022<\/h1>\n\n\n\n<div class=\"wp-block-columns is-layout-flex wp-container-core-columns-is-layout-9d6595d7 wp-block-columns-is-layout-flex\">\n<div class=\"wp-block-column is-layout-flow wp-block-column-is-layout-flow\" style=\"flex-basis:100%\">\n<div class=\"wp-block-group\"><div class=\"wp-block-group__inner-container is-layout-flow wp-block-group-is-layout-flow\">\n<div class=\"wp-block-columns is-layout-flex wp-container-core-columns-is-layout-9d6595d7 wp-block-columns-is-layout-flex\">\n<div class=\"wp-block-column is-layout-flow wp-block-column-is-layout-flow\">\n<figure class=\"wp-block-image size-full\"><a href=\"https:\/\/drive.google.com\/file\/d\/1IE7d9Z6BeQqWh3S3AbKk6DwDR6gN8psk\/view?usp=drive_link\" target=\"_blank\" rel=\"noopener\"><img loading=\"lazy\" decoding=\"async\" width=\"663\" height=\"944\" src=\"https:\/\/www.vaasanmetsaveikot.fi\/site\/wp-content\/uploads\/2024\/12\/2024_1.png\" alt=\"\" class=\"wp-image-5668\" srcset=\"https:\/\/www.vaasanmetsaveikot.fi\/site\/wp-content\/uploads\/2024\/12\/2024_1.png 663w, https:\/\/www.vaasanmetsaveikot.fi\/site\/wp-content\/uploads\/2024\/12\/2024_1-211x300.png 211w\" sizes=\"auto, (max-width: 663px) 100vw, 663px\" \/><\/a><\/figure>\n<\/div>\n\n\n\n<div class=\"wp-block-column is-layout-flow wp-block-column-is-layout-flow\">\n<figure class=\"wp-block-image size-full\"><a href=\"https:\/\/drive.google.com\/file\/d\/1gBN3TfZA2i6DkrRN3UUCgo3PkKgW5mb2\/view?usp=drive_link\" target=\"_blank\" rel=\"noopener\"><img loading=\"lazy\" decoding=\"async\" width=\"649\" height=\"916\" src=\"https:\/\/www.vaasanmetsaveikot.fi\/site\/wp-content\/uploads\/2024\/12\/2024_2.png\" alt=\"\" class=\"wp-image-5670\" srcset=\"https:\/\/www.vaasanmetsaveikot.fi\/site\/wp-content\/uploads\/2024\/12\/2024_2.png 649w, https:\/\/www.vaasanmetsaveikot.fi\/site\/wp-content\/uploads\/2024\/12\/2024_2-213x300.png 213w\" sizes=\"auto, (max-width: 649px) 100vw, 649px\" \/><\/a><\/figure>\n<\/div>\n<\/div>\n<\/div><\/div>\n\n\n\n<div class=\"wp-block-columns is-layout-flex wp-container-core-columns-is-layout-9d6595d7 wp-block-columns-is-layout-flex\">\n<div class=\"wp-block-column is-layout-flow wp-block-column-is-layout-flow\">\n<div class=\"wp-block-columns is-layout-flex wp-container-core-columns-is-layout-9d6595d7 wp-block-columns-is-layout-flex\">\n<div class=\"wp-block-column is-layout-flow wp-block-column-is-layout-flow\">\n<figure class=\"wp-block-image size-full\"><a href=\"https:\/\/drive.google.com\/file\/d\/1_Qiuuqv843ml6Zfxz2lFyVdLM0ic87rp\/view?usp=drive_link\" target=\"_blank\" rel=\"noopener\"><img loading=\"lazy\" decoding=\"async\" width=\"652\" height=\"919\" src=\"https:\/\/www.vaasanmetsaveikot.fi\/site\/wp-content\/uploads\/2024\/12\/2024_3.png\" alt=\"\" class=\"wp-image-5671\" srcset=\"https:\/\/www.vaasanmetsaveikot.fi\/site\/wp-content\/uploads\/2024\/12\/2024_3.png 652w, https:\/\/www.vaasanmetsaveikot.fi\/site\/wp-content\/uploads\/2024\/12\/2024_3-213x300.png 213w\" sizes=\"auto, (max-width: 652px) 100vw, 652px\" \/><\/a><\/figure>\n<\/div>\n\n\n\n<div class=\"wp-block-column is-layout-flow wp-block-column-is-layout-flow\"><\/div>\n<\/div>\n<\/div>\n<\/div>\n<\/div>\n<\/div>\n\n\n\n<div class=\"wp-block-group\"><div class=\"wp-block-group__inner-container is-layout-flow wp-block-group-is-layout-flow\"><\/div><\/div>\n\n\n\n<p>S<em><em>anomat aukeavat luettavaksi painamalla sanoman kuvaa<\/em> <\/em><\/p>\n<\/div><\/div>\n","protected":false},"excerpt":{"rendered":"<p>Mets\u00e4veikkosanomat on lippukunnan j\u00e4senlehti, joka ilmestyy 4 kertaa vuodessa. Sanomien p\u00e4\u00e4toimittajana toimii ja taittajana Henri Tammi. Sanomien juttuja kirjoittavat lippukunnan j\u00e4senet. Juttuja lehteen voi toimittaa <a class=\"read-more\" href=\"https:\/\/www.vaasanmetsaveikot.fi\/index.php\/metsaveikkosanomat\/\"> (Continue Reading)<\/a><\/p>\n","protected":false},"author":1,"featured_media":4464,"parent":0,"menu_order":0,"comment_status":"closed","ping_status":"closed","template":"","meta":{"footnotes":""},"class_list":["post-159","page","type-page","status-publish","has-post-thumbnail","hentry"],"_links":{"self":[{"href":"https:\/\/www.vaasanmetsaveikot.fi\/index.php\/wp-json\/wp\/v2\/pages\/159","targetHints":{"allow":["GET"]}}],"collection":[{"href":"https:\/\/www.vaasanmetsaveikot.fi\/index.php\/wp-json\/wp\/v2\/pages"}],"about":[{"href":"https:\/\/www.vaasanmetsaveikot.fi\/index.php\/wp-json\/wp\/v2\/types\/page"}],"author":[{"embeddable":true,"href":"https:\/\/www.vaasanmetsaveikot.fi\/index.php\/wp-json\/wp\/v2\/users\/1"}],"replies":[{"embeddable":true,"href":"https:\/\/www.vaasanmetsaveikot.fi\/index.php\/wp-json\/wp\/v2\/comments?post=159"}],"version-history":[{"count":21,"href":"https:\/\/www.vaasanmetsaveikot.fi\/index.php\/wp-json\/wp\/v2\/pages\/159\/revisions"}],"predecessor-version":[{"id":5673,"href":"https:\/\/www.vaasanmetsaveikot.fi\/index.php\/wp-json\/wp\/v2\/pages\/159\/revisions\/5673"}],"wp:featuredmedia":[{"embeddable":true,"href":"https:\/\/www.vaasanmetsaveikot.fi\/index.php\/wp-json\/wp\/v2\/media\/4464"}],"wp:attachment":[{"href":"https:\/\/www.vaasanmetsaveikot.fi\/index.php\/wp-json\/wp\/v2\/media?parent=159"}],"curies":[{"name":"wp","href":"https:\/\/api.w.org\/{rel}","templated":true}]}}