{"id":138,"date":"2015-10-27T11:59:06","date_gmt":"2015-10-27T09:59:06","guid":{"rendered":"http:\/\/www.vaasanmetsaveikot.fi\/?page_id=138"},"modified":"2025-02-03T20:47:35","modified_gmt":"2025-02-03T18:47:35","slug":"puuviikin-laavualue","status":"publish","type":"page","link":"https:\/\/www.vaasanmetsaveikot.fi\/index.php\/puuviikin-laavualue\/","title":{"rendered":"Puuviikin laavualue"},"content":{"rendered":"<div class='content-column two_third'><p><a href=\"https:\/\/www.vaasanmetsaveikot.fi\/site\/wp-content\/uploads\/2025\/02\/LAAVU_VUOROT_KEVAT_25.pdf\">LAAVU_VUOROT_KEV\u00c4T_25<\/a><\/p>\n<p>Lippukunnalla on noin seitsem\u00e4n hehtaarin kokoinen retkeilyalue, Puuviiki &#8211; nimelt\u00e4\u00e4n. Se on tarkoitettu laavu- ja p\u00e4iv\u00e4retki\u00e4 varten ja se sijaitsee Mustasaaren kunnassa, Iskmossa. Alueelle on rakennettu hirsilaavu ja\u00a0 Wc. Reilut viisi hehtaaria on luonnonsuojelualuetta, jossa puiden kaataminen ja k\u00e4ytt\u00e4minen on kielletty\u00e4. Kartta suojelualueesta l\u00f6ytyy <a href=\"https:\/\/www.vaasanmetsaveikot.fi\/site\/wp-content\/uploads\/2015\/10\/puuviikki_kartta.jpg\">t\u00e4st\u00e4 <\/a>ja alueen s\u00e4\u00e4nn\u00f6t <a href=\"https:\/\/www.vaasanmetsaveikot.fi\/site\/wp-content\/uploads\/2015\/10\/saannot.pdf\" rel=\"attachment wp-att-142\">t\u00e4st\u00e4.<\/a><\/p>\n<p>Puuviikin mets\u00e4nvartijana toimii mets\u00e4veikot<\/p>\n<p>Alueen karttoja ja ajo-ohjeita on saatavana lippukunnan toimistosta.<\/p>\n<p><strong>AJO-OHJE<\/strong><\/p>\n<p>Laavualueen yhteyspiste autokuljetuksissa sijaitsee Iskmon kyl\u00e4st\u00e4 pohjoiseenp\u00e4in, Brunnfladantien ja Tistronsk\u00e4rintien risteyksess\u00e4. Reittiohjeet <a href=\"https:\/\/www.google.fi\/maps\/dir\/Kauppapuistikko+16,+65100+Vaasa\/63.2133892,21.6278474\/@63.2084793,21.6068048,14.25z\/data=!4m9!4m8!1m5!1m1!1s0x467d6043a64a2521:0xd54eb918ff9bb788!2m2!1d21.6167611!2d63.0943148!1m0!3e0\">Google mapsissa.<\/a><\/p><\/div>\n<div class='content-column one_third last_column'><p><a href=\"https:\/\/www.vaasanmetsaveikot.fi\/site\/wp-content\/uploads\/2015\/10\/laavu.jpg\"><img loading=\"lazy\" decoding=\"async\" class=\"wp-image-139 size-medium alignnone\" src=\"https:\/\/www.vaasanmetsaveikot.fi\/site\/wp-content\/uploads\/2015\/10\/laavu-300x225.jpg\" alt=\"laavu\" width=\"300\" height=\"225\" srcset=\"https:\/\/www.vaasanmetsaveikot.fi\/site\/wp-content\/uploads\/2015\/10\/laavu-300x225.jpg 300w, https:\/\/www.vaasanmetsaveikot.fi\/site\/wp-content\/uploads\/2015\/10\/laavu-1024x768.jpg 1024w, https:\/\/www.vaasanmetsaveikot.fi\/site\/wp-content\/uploads\/2015\/10\/laavu.jpg 2048w\" sizes=\"auto, (max-width: 300px) 100vw, 300px\" \/><\/a><\/p>\n<p><a href=\"https:\/\/www.vaasanmetsaveikot.fi\/site\/wp-content\/uploads\/2015\/10\/huussi.jpeg\"><img loading=\"lazy\" decoding=\"async\" class=\"wp-image-221 size-medium alignnone\" src=\"https:\/\/www.vaasanmetsaveikot.fi\/site\/wp-content\/uploads\/2015\/10\/huussi-221x300.jpeg\" alt=\"huussi\" width=\"221\" height=\"300\" srcset=\"https:\/\/www.vaasanmetsaveikot.fi\/site\/wp-content\/uploads\/2015\/10\/huussi-221x300.jpeg 221w, https:\/\/www.vaasanmetsaveikot.fi\/site\/wp-content\/uploads\/2015\/10\/huussi.jpeg 300w\" sizes=\"auto, (max-width: 221px) 100vw, 221px\" \/><\/a><\/p><\/div><div class='clear_column'><\/div>\n","protected":false},"excerpt":{"rendered":"","protected":false},"author":1,"featured_media":0,"parent":0,"menu_order":0,"comment_status":"closed","ping_status":"closed","template":"","meta":{"footnotes":""},"class_list":["post-138","page","type-page","status-publish","hentry"],"_links":{"self":[{"href":"https:\/\/www.vaasanmetsaveikot.fi\/index.php\/wp-json\/wp\/v2\/pages\/138","targetHints":{"allow":["GET"]}}],"collection":[{"href":"https:\/\/www.vaasanmetsaveikot.fi\/index.php\/wp-json\/wp\/v2\/pages"}],"about":[{"href":"https:\/\/www.vaasanmetsaveikot.fi\/index.php\/wp-json\/wp\/v2\/types\/page"}],"author":[{"embeddable":true,"href":"https:\/\/www.vaasanmetsaveikot.fi\/index.php\/wp-json\/wp\/v2\/users\/1"}],"replies":[{"embeddable":true,"href":"https:\/\/www.vaasanmetsaveikot.fi\/index.php\/wp-json\/wp\/v2\/comments?post=138"}],"version-history":[{"count":19,"href":"https:\/\/www.vaasanmetsaveikot.fi\/index.php\/wp-json\/wp\/v2\/pages\/138\/revisions"}],"predecessor-version":[{"id":5715,"href":"https:\/\/www.vaasanmetsaveikot.fi\/index.php\/wp-json\/wp\/v2\/pages\/138\/revisions\/5715"}],"wp:attachment":[{"href":"https:\/\/www.vaasanmetsaveikot.fi\/index.php\/wp-json\/wp\/v2\/media?parent=138"}],"curies":[{"name":"wp","href":"https:\/\/api.w.org\/{rel}","templated":true}]}}